f = q + -44. What are the prime factors of f?
2, 61
Let y(g) = 2*g**2 - 5*g + 5. Suppose 3*s + 3*a = -s + 15, 36 = 5*s - 2*a. What are the prime factors of y(s)?
47
Suppose 0 = -5*s + 10, 0 = -4*x + 2*s + 2452 + 2964. What are the prime factors of x?
5, 271
Suppose 7*j - 128 = -9. Suppose -14*f - 909 = -j*f. What are the prime factors of f?
3, 101
Suppose -2*s + 552 = -m - 1325, -3*s - 2*m = -2833. List the prime factors of s.
941
Let o(l) = -l**2 + 3*l - 2. Suppose -2*a = -0*a - 6. Let s be o(a). What are the prime factors of (-53)/(-3) + s/(-6)?
2, 3
Let o(j) = -29*j + 1. Let p be (-8)/28*7/(-1). Suppose -2 = 4*d - 5*x + p, 2*d + 5*x = -2. List the prime factors of o(d).
2, 3, 5
Let d = 3 + -1. Suppose 0 = d*t - 4*t + 34. What are the prime factors of t?
17
Let u be (561/15)/1 + 4/(-10). Let s(q) = -43*q - 2. Let v be s(-2). Suppose -j = -2*l + j + v, u = l + 4*j. What are the prime factors of l?
41
Suppose -6*m + 706 = -5*m + 2*k, -5*k + 715 = m. List the prime factors of m.
2, 5, 7
Let b = 1008 - -212. What are the prime factors of b?
2, 5, 61
Let n = -9 + 4. Let i = n - -10. Suppose -33 + i = -4*k. What are the prime factors of k?
7
Let x = -86 - -211. What are the prime factors of x?
5
Let o(f) = 40*f + 73. List the prime factors of o(11).
3, 19
Let p(w) = -w**2 + 3*w - 1. Let n be p(2). Suppose -41 = -4*u - n. What are the prime factors of u*(-1 - 10/(-4))?
3, 5
Let f be ((-8)/10)/((-1)/5). Suppose f*v = -3*v + 546. What are the prime factors of v?
2, 3, 13
Let j be (-2)/8 + 323/76. Suppose -3*u - 25 = 2*u, -3*t - j*u = -217. What are the prime factors of t?
79
Suppose -2*u = 4*s + 12, 5*u - 6*s = -2*s - 30. What are the prime factors of (39/4)/(u/(-24))?
3, 13
Let t = 7453 + -3615. List the prime factors of t.
2, 19, 101
Let m(z) = 6*z + 26. Let t be m(-6). List the prime factors of 6/(-1 + (-3)/(18/t)).
3
Suppose -3*s = -u - 9 - 5, 5*u = -2*s - 19. Suppose 0*b - 66 = -s*b. List the prime factors of b.
2, 11
Let k = 626 - 236. List the prime factors of k.
2, 3, 5, 13
Suppose -11*j + 4 = -7. List the prime factors of 22445/67 + (-1*2)/j.
3, 37
Let q(v) = -17*v**3 + 3*v**2 + 4*v - 6. Let y be q(-3). Suppose 2*j + 172 = y. List the prime factors of j.
2, 37
Let k = 11326 + -7192. What are the prime factors of k?
2, 3, 13, 53
Let z be 393/(-6)*(4 - 12). Let k = z + -254. Suppose k = 4*i - 70. List the prime factors of i.
5, 17
Let z be (-13)/4 - (-2)/8. Let m(v) = -12*v**3 - 4*v**2 - 3 - 3*v - v + 10*v**3. List the prime factors of m(z).
3
Suppose 4*f + 4*a - 152 = 0, 3*f + 30 - 142 = -5*a. What are the prime factors of f?
3, 13
Suppose 2*l - 275 = 4*l - 3*q, 4*q = l + 150. List the prime factors of ((-10)/25)/(1/l).
2, 13
Suppose 0 = 4*k - 5*s + 88, -k - 65 = 3*s - 26. List the prime factors of 2/(-9)*3 + (-4014)/k.
2, 37
List the prime factors of (2/6)/(29/87) + 3267.
2, 19, 43
Let f(o) = -12*o + 151. What are the prime factors of f(-21)?
13, 31
Let j(m) = -7*m**2 - 109*m + 15. List the prime factors of j(-15).
3, 5
Let r(i) = 2529*i**2 + 29*i - 30. What are the prime factors of r(1)?
2, 79
Let u(z) = z**2 + 8*z + 88. Let s be u(0). Suppose 3*x - 565 = -s. List the prime factors of x.
3, 53
Let d(v) = 22*v - 21. Let w be d(-3). Let u = w + 136. List the prime factors of u.
7
Let i = -24 + 42. Let v be 1 + (0/3)/(-1). Let z = i + v. List the prime factors of z.
19
Let t(u) = -56*u**3 + 3*u**2 + 3*u + 1. What are the prime factors of t(-1)?
3, 19
Let j = 69 - -25. Let u = -57 - -100. Let l = j - u. What are the prime factors of l?
3, 17
Let k(w) = 187*w**2 + w - 2. Let o be k(1). Suppose u - o = 16. List the prime factors of u.
2, 101
Suppose 5*q - 14*q = -2187. List the prime factors of q.
3
Suppose h - 3*k + 8*k = 417, -5*h - 5*k + 1985 = 0. What are the prime factors of h?
2, 7
Let q = 11 - 6. Let n be (-1)/(-2) - q/(-2). Suppose n*p = 4 + 44. List the prime factors of p.
2
Suppose 0 = -103*f + 107*f - 752. What are the prime factors of f?
2, 47
Let m(r) = -4*r**3 - 10*r**2 - 7*r - 5. What are the prime factors of m(-6)?
541
Let n = -2 + -6. Let d be -20 + (-14)/(-21)*3/(-2). Let o = n - d. List the prime factors of o.
13
Let q = 560 - -1434. What are the prime factors of q?
2, 997
What are the prime factors of 16/(-56) - (1 - 4752/21)?
3, 5
List the prime factors of (11 + -1)/10*2111.
2111
Let t(s) = -s - 23. Let p be t(-18). What are the prime factors of (0 + -102)*(4 + p)?
2, 3, 17
Suppose -b + 2928 = 5*z - 5*b, -b = 4*z - 2355. What are the prime factors of z?
2, 3, 7
Suppose 0*a - 3*a = -4*y + 87, 4*y - 105 = -3*a. Suppose -b + y = -53. What are the prime factors of b?
7, 11
Suppose 5*q + 1102 = -2*k + 4165, -4*q = 2*k - 2452. What are the prime factors of q?
13, 47
Let d be -2 + (-58 - (2 - 2)). Let o be 5*(-16)/d*9. Let s = o + 6. List the prime factors of s.
2, 3
Suppose -j - 3*j + 4 = 2*w, -3*w = -j + 8. Suppose g - 4*g = -21. Suppose -j*v = -g*v + 85. What are the prime factors of v?
17
Let w = -26 - -36. Let l be (4/(-4) - 0)*1. Let f = w - l. What are the prime factors of f?
11
What are the prime factors of (-926)/(-10) + (-3)/5?
2, 23
Suppose 11986 = -3*t + 29*t. List the prime factors of t.
461
Let k = -917 + 2799. List the prime factors of k.
2, 941
Suppose 482 = 38*l - 36*l. Suppose 24 = w - l. List the prime factors of w.
5, 53
Let g(v) = 125*v + 280. List the prime factors of g(6).
2, 5, 103
Let h be (-4)/(-3) - (5 - 390/(-9)). Let y = 180 + h. What are the prime factors of y?
7, 19
Let n(d) = d**3 - 16*d**2 + 13*d + 12. Let l be n(15). Let u = l - -131. What are the prime factors of u?
113
Let c be 2*1 + 0 + 2. Let n be c/(-1) + 5*-11. Let q = 1 - n. List the prime factors of q.
2, 3, 5
Let i(v) = -v + 1. Let c be i(3). Let u be (-4 - -13) + c + 1. Suppose 3*p - u = 1. List the prime factors of p.
3
Let k be 915/12 - (-1)/(-4). Let b = -53 + k. List the prime factors of b.
23
Suppose 39*w - 23*w = 3968. What are the prime factors of w?
2, 31
Let l = 16 - 19. Let u(t) be the third derivative of -7*t**4/24 - 7*t**3/6 - t**2. What are the prime factors of u(l)?
2, 7
Suppose -4*n + 0 - 12 = 0. Let u(p) = p**3 + 4*p**2 + 4*p + 3. Let q be u(n). List the prime factors of 40 + -1 + (q - -1).
2, 5
Let j = -75 + 44. Let y = j + 117. What are the prime factors of y?
2, 43
Suppose -5*x = 4*n - 7, 0*n - 3*n + 5*x + 14 = 0. Let a(q) = 1 + 2*q**n + 5*q**2 - q**3 + 4*q - 2. What are the prime factors of a(-3)?
5
Let a = 443 - -84. List the prime factors of a.
17, 31
Suppose 0 = -s - 3*s + 4. Let b(x) = x + 10. Let t be b(-5). Suppose s - 61 = -t*m. List the prime factors of m.
2, 3
Suppose 86*i + 1137 = 89*i. What are the prime factors of i?
379
Let h(m) = m**3 - 13*m**2 - 2*m + 13. Let i be h(13). Suppose -5*g = -3*q + 157, g - 54 = -q + 3*g. Let s = i + q. What are the prime factors of s?
31
Suppose 18*w - 370 - 3410 = 0. List the prime factors of w.
2, 3, 5, 7
Suppose 0*s - 2*s + 2*a = -20, -4*s = a - 40. Let d be ((-3948)/(-35))/((-2)/s). List the prime factors of d/(-12) + (-1 - 1).
3, 5
Suppose 0 = 3*w + 15, l - w = -2*w - 29. Let x be (l/(-4))/((-4)/(-18)). List the prime factors of (-3)/1 - (-2 - x).
2, 13
Let k = 1505 + -527. What are the prime factors of k?
2, 3, 163
Let z(f) = -2*f - 6. Let w be z(4). List the prime factors of 4/w - ((-765)/(-7))/(-1).
109
Let z be 4/(-6) - 2/6. Let s be (-7)/(-1)*z*-30. Suppose -11*o + 6*o + s = 0. What are the prime factors of o?
2, 3, 7
Suppose 116*k - 117*k = -z + 5760, -5*z = 4*k - 28764. List the prime factors of z.
2, 1439
Suppose -3*n + 7 = -38. Suppose -x - n = -26. What are the prime factors of x?
11
Let k(h) = h. Let c be k(4). Suppose -c*a + 36 = 2*a. List the prime factors of a.
2, 3
Let d(n) = n**3 - 15*n**2 + 18. Let l be d(15). Let t be (6/9)/((-3)/l). List the prime factors of 17 - 0/(16/t).
17
Let h(b) = -b**3 - 4*b**2 + 3*b - 7. Let a be h(-5). Suppose 4*z = -a*s + 5*s + 230, -4*z + 248 = 4*s. List the prime factors of z.
59
Let j = 6 - 3. Suppose 8*d = j*d - 225. List the prime factors of (-30)/(d/12 + 3).
2, 5
Let o = 408 - -204. List the prime factors of o.
2, 3, 17
Let d = 191 + -10. Suppose -d = -3*u + 383. What are the prime factors of u?
2, 47
List the prime factors of -16 + 644/40 + (-12798)/(-20).
2, 5
Let i = 95 - -642. List the prime factors of i.
11, 67